 + 1 - -1 - 11) + -1).
-10
(151 - 139 - (11 - 2)) + -7
-4
What is (19 - 4) + -8 + (2 - 1)?
8
Evaluate -11 + -1 - (11 - 14 - (-8 - -5)).
-12
Calculate 18 + (-14 - -2) + -2.
4
What is the value of (40 - 5 - -5) + -26?
14
What is (12 - -10) + -16 - (1 + 8)?
-3
Calculate -11 - (-2 - -3) - (30 - 23).
-19
What is the value of (-23 - (1 - (8 - -6))) + -11?
-21
What is the value of 2 + -2 + (-6 - -14 - 1) + -8?
-1
What is the value of (65 - (0 - -12)) + -30?
23
What is the value of (21 - 29) + -12 + 3?
-17
What is the value of 1 + (5 - (6 + 5 + -6)) + 0?
1
Calculate 13 - ((8 - 8) + 23).
-10
-7 + (-5 - (-10 - 2)) - 1
-1
What is the value of 322 - 325 - (1 + 2 - 0 - 16)?
10
(138 - 142) + (-6 - -2) + (-1 - -3)
-6
What is the value of (-34 - -12) + -38 - -26?
-34
What is -5 + (-9 - (1 + -19)) + 6?
10
Evaluate 3 - ((6 - 8) + (0 - 1) + 5).
1
Calculate 9 + (10 - (30 - 3)).
-8
9 + (1 - -8) + -12 + -20
-14
What is the value of 4 - (0 - 0) - -2 - 13?
-7
Evaluate 333 - 355 - (-1 - 23).
2
Calculate 0 + 4 + -6 - 7 - (-38 + 31).
-2
What is the value of 19 - (26 + -15) - (-5 + -4)?
17
11 + -21 + 9 + 13
12
What is the value of 18 - 50 - -49 - -9?
26
What is the value of 24 + (-3 - 0 - 5 - (4 - 10))?
22
Evaluate -1 - -4 - (637 + -662).
28
What is -6 + (8 - 19) + 10 + 4?
-3
Calculate 6 + 0 + -11 + (3 - 12 - -20).
6
Evaluate (135 - 123) + -1 + -2 + (1 - 2).
8
-155 + 141 + (-1 - -17) - 11
-9
Evaluate -3 + 6 + 2 + (4 - 5) + -1.
3
Calculate 7 + 7 + 4 + -3 + -8 + -3.
4
What is the value of 4 - 14 - (2 + (-2 - (-3 + 7)))?
-6
What is the value of -12 + (-17 - (-37 + -9))?
17
What is the value of 2 + -4 + 6 - (5 - 27 - -25)?
1
Calculate (0 - -1 - (31 - 18)) + 1.
-11
Calculate 8 + (15 - 10) + -4.
9
3 + 1 + -1 + -16 + -3 + 4
-12
Evaluate 7 - (3 + -2 + -3) - 1.
8
Calculate 25 + -2 + -9 + 1.
15
1 + -12 - (-1 - (12 + -8 + -8))
-14
What is the value of (9 - 1 - 2) + -57 + 35?
-16
Evaluate -1 - (13 + -10) - 8 - -9.
-3
What is (285 - 286) + 22 + 2?
23
-29 + 16 - 0 - -4
-9
What is the value of -44 + 13 + 13 + -5?
-23
Evaluate 7 + -7 + 16 + -4.
12
4 - (16 - (11 - 3 - -9 - 8))
-3
What is the value of 11 + 8 + 3 + (7 - 62) + 13?
-20
What is 2 + 0 + -3 - 9 - (1311 + -1310)?
-11
Evaluate -9 + (4 + 0 + -7 - 1).
-13
Evaluate (-5 - (-1 + -3)) + (-18 - (-5 + -15)).
1
What is (11 - 1) + (3 - 1 - -7) + -15?
4
Evaluate -21 + 23 - (6 + 2) - (-8 - 2).
4
(-13 - -57) + -21 - 11
12
Evaluate 16 - 17 - (14 + (5 - 3)).
-17
Evaluate 24 - 1 - 23 - 24.
-24
Evaluate 18 + -1 + (12 + -7 - 1) + -3.
18
What is 2 - (-3 + (12 - 8) + 22 + 11)?
-32
Evaluate -16 + 13 + 34 - (9 - -6).
16
14 + (-7 - (8 + -4))
3
What is -39 - (-7 + -16 + 4 + 13)?
-33
Evaluate -11 + (-7 - -19) + -7 + 3.
-3
What is the value of -14 + 31 + -13 - (-1 + 1)?
4
Evaluate 15 + -43 + -18 + 15 + 2.
-29
Evaluate -71 - (-88 + 29) - (14 + 0).
-26
Calculate 35 + -33 + -8 + -17.
-23
What is -5 + 4 - (12 - (13 + 0))?
0
Calculate 9 + -22 + (9 - 3) + 9.
2
What is the value of (21 - (-19 - -20)) + -23?
-3
What is 1 + (-487 - -501 - (-1 - -21))?
-5
What is (7 - 0 - (-5 + -5 - -13)) + -13?
-9
What is the value of -20 + 2 + (3 - 4) + 17 + -11?
-13
4 + 5 + -27 - (0 + -8)
-10
What is -4 - (-24 + 12) - 8 - -4?
4
Evaluate 5 + (-3 - ((1 - 5) + 4)) - -18.
20
What is the value of -5 + -1 + -3 + 8 + -11 + 4?
-8
Evaluate 13 - 0 - (28 + -22).
7
What is the value of 0 + -1 + -149 + 140 - -5?
-5
What is 29 + -46 + -18 + 34?
-1
Calculate -22 + 27 - (0 - 6).
11
Evaluate -19 + 0 + 13 + -5 + 1.
-10
What is (11 - (21 + -6)) + (3 - -12)?
11
What is -5 + (8 - 3) + -12 + 0 + 3?
-9
What is the value of 6 - (8 - (12 + -13))?
-3
Calculate 2 + -4 - (4 + (8 + -6 - -3)).
-11
15 + 3 - (-1 + (2 - -6))
11
Calculate -56 - -65 - (1 + 4 - 4 - -8).
0
Calculate (-3 + 3 - 2) + (-9 - -5) + 1.
-5
What is the value of 0 + -20 - (340 + -361)?
1
What is 50 + -14 - (39 - 25)?
22
What is -7 - (2 - (-8 + 11)) - -19?
13
Calculate 2 + 5 + (13 + -2 - (33 + 1)).
-16
What is 10 - (9 - 0 - -7) - 9?
-15
What is (21 - (-21 - -32)) + (1 - (2 - -13))?
-4
Calculate -25 - 0 - (543 - 573).
5
What is 6 + (0 - (3 - 2)) + -42 + 35?
-2
(-1 - -24) + (-10 - 3)
10
(-28 - -3) + 106 + -85
-4
Evaluate 1 - -7 - (38 - (98 + -48)).
20
What is the value of (-3 - -8) + 60 + -57 + -17?
-9
What is the value of (-6 - -7 - 0) + (-3 - 7)?
-9
(1 - -19) + (-14 - (12 - (-8 - -24)))
10
(-136 - -131) + (-3 - 1)
-9
Evaluate -7 + 8 + -35 + 38.
4
What is the value of 0 + (-3 - (1 - (0 + 5) - -1))?
0
Evaluate (17 - (-15 + 39)) + 13 - (-4 + -1).
11
What is 2 + 1 + 0 + -4 + -1 + 0?
-2
Calculate (-11 - 0) + 17 + (1 - (6 + 0)).
1
Evaluate -2 + 11 + (-18 + 20 - 9) - -4.
6
Evaluate (-5 - (55 - 82)) + -1 + 8.
29
Evaluate 9 + -7 + 7 + -6.
3
10 + 9 + (18 - (-7 - -55))
-11
(2 - 2) + 8 + (-1 + 1 - -1)
9
Calculate -161 + 166 + -9 + 1.
-3
-6 + (25 - 21 - -4)
2
Evaluate -5 + 23 + 4 + 187 + -186.
23
Calculate -8 - 2 - (-54 - (-6 + (-7 - 1))).
30
What is the value of ((11 - 10) + 12 - 4) + (0 - 15)?
-6
What is the value of (32 - (26 + -4)) + -13?
-3
Calculate (61 - 51) + (-1 - 2).
7
-365 - -369 - (0 - 12)
16
Calculate (-1 - -4) + 19 + (-2 - (0 + 1)).
19
Evaluate -1189 + 1168 + (0 - -2).
-19
What is the value of 139 - 149 - ((-2 - -2) + 0 + 0)?
-10
Evaluate 2 + (12 - -1 - 1) + (-263 - -263).
14
Evaluate 29 - (-11 + 1 - -69).
-30
Evaluate (-1 - (-13 + 1)) + -1550 + 1567 + -3.
25
(0 - 5) + (49 - 26) + 6
24
(26 - (-1 - -18)) + 14
23
(-19 - -20) + 10 - (0 - 4)
15
Evaluate (-17 - (-9 - 7)) + -11.
-12
0 + 3 + 0 - -3 - (106 + -137)
37
Evaluate 7 - (-1 - ((12 - 2) + (11 - 14))).
15
Calculate (-16 + (6 - 2) - -6) + -8.
-14
Evaluate 2 - (3 + 1 - -14).
-16
What is the value of 17 - (12 - -10 - 21)?
16
Evaluate -30 - (-74 - -70 - (-1 - -2)).
-25
Calculate -4 - (-12 - (-16 - 3)).
-11
What is 16 + -1 - (-8 - (-38 + 24))?
9
Evaluate 7 + (0 - (25 - 7)) - (-6 + -2).
-3
Evaluate -12 + (-8 - -19) + -29.
-30
What is (-3 - 1) + -16 + 24 + -15?
-11
Evaluate (-2 + -3 - -2) + -27 - (53 - 55).
-28
Evaluate (5 - -2) + 1 - (-32 - -24).
16
Evaluate -741 + 738 - (-10 - -1).
6
Calculate 27 + 1 - (-13 - (-25 + -2 - -22)).
36
What is the value of -10 - (16 - (4 - -3 - 1))?
-20
What is -35 + -2 + (-3 + -6 - (10 + -23))?
-33
Evaluate -16 + (-4 - (13 + -25)).
-8
Calculate -305 - -273 - (0 + -23).
-9
What is the value of -7 - 9 - (-16 - -1)?
-1
Evaluate -17 + -40 + 15 + 40.
-2
Evaluate -179 + 174 + (-2 + 1 - 0).
-6
24 + -7 + -4 - 12
1
Evaluate (2 - -13) + (-1 + -5 + -1 - 0).
8
Evaluate -5 + (-1 - 2 - (-8 + (-34 - -21))).
13
What is the value of 0 + -5 - ((7 - -16) + -35)?
7
Calculate (21 - (-51 + 87)) + 1 + 0.
-14
-2 - (3 + (0 - 2) + 5 + 4)
-12
-24 - 2 - (-76 + 66)
-16
What is 13 + (-20 - (9 + -10))?
-6
Calculate (8 + -5 - (4 - 1)) + (-110 - -99).
-11
32 - ((-3 - 1) + (67 - 28 - 31))
28
What is -1 + 2 - (9 + (11 + -13 - 5))?
-1
17 - (-15 + 11) - 14
7
Calculate -13 - (-12 + 8 + -1) - (-2 - 10).
4
Calculate (-2 - (-20 + 8 + 6)) + 1.
5
(5 - 16) + -4 + 10
-5
What is the value of 64 - 47 - (3 - 1 - (18 + -18))?
15
What is the value of 3 - (-8 + 9 + 5 - (16 - 4))?
9
What is the value of 20 + -1 - ((-10 - -22) + (-5 - -1))?
11
What is 26 + 4 + -25 + 4 - -3?
12
Calculate -13 + 19 - (3 - (6 - 5)).
4
Calculate 24 - (-1 + -22 + 23).
24
What is the value of (-27 - -27) + -9 + 20?
11
Evaluate 4 + (2 - -4) + (1 - 11) - 5.
-5
What is 0 - ((-3 - -14) + 2 + -8)?
-5
Calculate 50 - 39 - (-10 + 5 + 7 - -34).
-25
Evaluate (2 + 4 - -9) + -5 - (-1 - -8).
3
What is the value of 5 - (13 + (33 - 31))?
-10
(-14 - ((13 - 17) + 2 + -3)) + 3
-6
What is the value of 10 + (7 - -5) + -18 + -30?
-26
(-12 - ((-27 - -19) + 12)) + -2
-18
Calculate 19 + (-369 + 388 - (1 + 40)).
-3
What is -25 + -28 + 39 - (-2 + 0 + 0)?
-12
(-10 + -8 - -36) + -1
17
Calculate 2 - (-14 + (8 - -19)).
-11
7 - (12 - 8) - (19 - 4)
-12
Evaluate (19 - (3 + 1)) + 169 + -164.
20
Calculate 3 - (-2 - -3 - (2 + -7)).
-3
Evaluate 6 - (-2 - (7 + 0)).
15
3 + -10 + -11 - (-2 - (11 - 8))
-13
0 + (-1 - -2) + (114 - 47 - 96)
-28
Evaluate -11 + 1 + -383 + 384 + -18.
-27
What is the value of -7 + 2 + -15 + 19 + -9?
-10
What is the value of (-7 - -3 - -2) + -4 - 0?
-6
What is the value of (-1 - -2) + 12 + (47 - 54)?
6
(7 - 3 - 10) + (-12 - -6) + 2
-10
What is the value of -18 + 10 + -4 - (-3 - 7)?
-2
What is 54 - 57 - (-1 + (1 - -2) - 14)?
9
What is the value of -15 -